 are the prime factors of t?
2, 5
Let c(g) = -4*g**2 - 3*g - 8. Let j(w) = -w**2 + w + 1. Let p(r) = c(r) - 5*j(r). Suppose -5*t = -t - 48. List the prime factors of p(t).
5, 7
Let v(g) = -4*g**3 - 4*g**2 - 8*g. Let p = -42 - -39. What are the prime factors of v(p)?
2, 3
Suppose 42 = 2*z - 0*z. Suppose -l + 61 = -z. Let w = -55 + l. What are the prime factors of w?
3
Let l be 682/(-5) - (26/10 - 2). Let y = -89 - l. List the prime factors of y.
2, 3
Let a = -53 - -23. Let z be ((-70)/a)/((-2)/(-6)). What are the prime factors of 7*(-4 + z) - -1?
2, 11
Let c = -50 - -199. List the prime factors of c.
149
Suppose 4*m - v = 3*m - 12, -5*m - 5*v - 40 = 0. Let t = m - -15. Let i(p) = -p + 10. What are the prime factors of i(t)?
5
Suppose 0 = -2*m - 3*m + 3*y + 5, 5*y = 0. Let b(l) = 64*l**2 - 1. What are the prime factors of b(m)?
3, 7
What are the prime factors of (-13)/26*(-4789 + -3)?
2, 599
Let d(f) = -8*f**2 + 22 - f**3 + 15*f**2 - 14*f**2 + 3*f. List the prime factors of d(-9).
157
Let i be (0 + -2)*(-416)/(-2). Let t = -166 - i. List the prime factors of t.
2, 5
Let j = -30 - 41. Suppose 36 = 6*z + 12*z. List the prime factors of (0 - 0)/z - j.
71
Let o(j) = j - 10. Let i be o(7). Let z be (i - -5 - -1)/(-1). What are the prime factors of (-71)/z - 4/6?
23
Suppose -h + 1135 = 4*h. What are the prime factors of h?
227
Let j = -348 - -532. List the prime factors of j.
2, 23
Let v = -338 - -1146. What are the prime factors of v?
2, 101
Suppose -4*j - 4*k - 5 = -5*j, -j = k - 30. Suppose j = 5*r - 30. What are the prime factors of r?
11
Let z(s) be the third derivative of -s**6/120 + 7*s**5/60 + 3*s**4/8 + 2*s**3/3 - 7*s**2. Let p be z(8). Suppose -65 = -y + p. What are the prime factors of y?
7, 11
Let s(w) = 2*w**3 - 12*w**2 - 2*w + 97. What are the prime factors of s(11)?
5, 257
Suppose 16 - 7 = -3*w, 2*x - 1558 = -4*w. What are the prime factors of x?
5, 157
Suppose 74*h - 6776 = 66*h. List the prime factors of h.
7, 11
List the prime factors of (7/((-21)/(-174)))/(5/35).
2, 7, 29
Let v(x) = -2*x**3 + 3*x**2 + x + 2. Let z be v(3). Let g = -18 - z. Suppose -7*k + 5*u = -4*k - 41, -3*k - g*u + 59 = 0. What are the prime factors of k?
17
Let s(i) = i**3 + 5*i**2 + 3*i + 2. Let h = -6 - -4. Let u be s(h). What are the prime factors of -114*2/(u/(-2))?
3, 19
Let o be (1 - 35/(-15))*-3. Let t = 23 + o. List the prime factors of t.
13
Let x be (-3)/(-2)*(-104)/39. What are the prime factors of ((-1)/x - 0)/((-8)/(-1312))?
41
Suppose 0 = 3*t - 48 - 21. Let v = t + -21. Suppose 0 = v*c + 31 - 157. What are the prime factors of c?
3, 7
Let h(x) = x - 13. Let s be h(9). Let k(w) = 5*w**2 + 2*w + 8. List the prime factors of k(s).
2, 5
Suppose -53 + 5 = -3*k. Suppose -15 = -4*z - 5*p, -3*z = 4*p - 5*p - k. Suppose 0 = z*o - 34 + 9. What are the prime factors of o?
5
Suppose -5*o - 125 = 3*m - 8*m, -13 = -m - 5*o. Suppose m*t - 28*t + 405 = 0. What are the prime factors of t?
3
Let p be -31*(-2 + (-3)/(-3))/(-1). Let l = 209 + p. What are the prime factors of l?
2, 89
Let h(a) = 55*a - 109. What are the prime factors of h(6)?
13, 17
Suppose -5*c - 6*c + 8943 = 0. What are the prime factors of c?
3, 271
Let y(m) = m + 6. Suppose 5*q = 5*w + 5, 2*w - 3*q + 8 = -7*q. Let d be y(w). Suppose g = -d + 8. What are the prime factors of g?
2
Let u = 3418 + -1944. What are the prime factors of u?
2, 11, 67
Let k = 172 + -171. Let l be (2/4)/(2/152). Suppose l = r + k. List the prime factors of r.
37
Let f(d) = 2*d**2 - 19*d + 10. List the prime factors of f(13).
101
Let n = 172 + -57. List the prime factors of n.
5, 23
Let x = -6 - -10. Suppose 2*o - 4 = 0, 4*o = -2*w + x + 426. List the prime factors of w.
211
Suppose -3*m + 13*o + 4054 = 9*o, 0 = 3*m - 2*o - 4064. List the prime factors of m.
2, 7, 97
What are the prime factors of (-353 + -1)/(-4*1/22)?
3, 11, 59
Let k = 1 - -3. Suppose -2 = -c - k*r, -c - r = 3*c + 22. What are the prime factors of ((-6)/5)/(c/20)?
2
Suppose 41020 = -802*v + 816*v. List the prime factors of v.
2, 5, 293
Suppose -s - 4*s + 60 = 0. Let z(w) = 175*w - 871. Let a be z(5). Suppose -a*v + s = -20. What are the prime factors of v?
2
Suppose -8*r + 6*r + 54 = 0. Let m = 227 + r. What are the prime factors of m?
2, 127
Let r(g) = -g**2 + 4*g. Let y be r(4). Suppose -5*k + 2*k + 57 = y. Let s = -7 + k. List the prime factors of s.
2, 3
Let c be -2 - (-3)/(3/1). Suppose 0 = -3*n + 3*t + 9, -n - 2*t - 3*t = 3. What are the prime factors of ((n + -6)*c)/2?
2
Suppose -5*v - 5*k + 8360 = 0, -5*k + 4336 - 983 = 2*v. What are the prime factors of v?
1669
Suppose 5*o - 547 = 868. Suppose -3*f - 2*c = -4*c - 278, 3*f - c = o. List the prime factors of f.
2, 3
Suppose 4*z + 71 = -13. What are the prime factors of ((-98)/z*-15)/(-1 - 0)?
2, 5, 7
Let s(l) = l**2 - 14*l + 24. Let w be s(12). Suppose -2*h - 3*i - 519 = -4*h, w = -5*h + 2*i + 1281. List the prime factors of h.
3, 5, 17
Suppose -16*a + 43274 = -10822. What are the prime factors of a?
3, 7, 23
Suppose 2*s + 58 = -4*r - 0*s, -2*s = 2. Let a(u) = -5*u - 1. List the prime factors of a(r).
3, 23
List the prime factors of 4666/4 - 231/154.
5, 233
What are the prime factors of (30/39)/5 + 41379/169?
5, 7
Suppose 3*j - 1084 = 2246. List the prime factors of j.
2, 3, 5, 37
Suppose -32*z = -8*z - 26784. List the prime factors of z.
2, 3, 31
Suppose -2*q = b - 0*b + 7, -2*q = 4*b + 16. Let k be 79 + -4 + (-15)/b. Suppose 0 = -l - 2*g + 36, 3*l - k = -3*g + 4*g. List the prime factors of l.
2, 7
Let y(p) = p**2 + 6*p - 21. Suppose 4*l - 6*l + 36 = 0. Suppose -2*u = -l + 6. List the prime factors of y(u).
3, 17
Let m(j) = j**3 + 3. Let z be m(0). Suppose 2*w - 7*w = 0. Suppose 0 = -2*t + 5*o + 83, -4*t + 127 = z*o - w*o. List the prime factors of t.
2, 17
Suppose 948 = 2*w - 24. What are the prime factors of w?
2, 3
What are the prime factors of (-1 + -1)*2 + 870?
2, 433
Suppose -5*s + 4*f + 26 = 0, 5*s + 3*f = 4*f + 29. Let d be s - 0 - (0 + 1). List the prime factors of ((-1)/(-1))/(1/d).
5
Suppose 4*c - 10*h = -14*h + 2800, -4*h = 3*c - 2102. List the prime factors of c.
2, 349
Let a(t) = 170 - 45*t**3 + 44*t**3 + t - 5*t**2 + 3*t**2 + 0*t. List the prime factors of a(0).
2, 5, 17
Let u be 2*-32 + (-3 - -4). Let k = u + 103. List the prime factors of k.
2, 5
Let c = 90 - 84. Suppose 0 = -4*b + 3*m + 510, -b + c*m - m = -136. What are the prime factors of b?
2, 3, 7
Suppose 2*h + 3*h = -3*t + 72, -3*h + 4*t = -20. What are the prime factors of (-9)/6 + 1338/h?
2, 5, 11
Let o = -373 - -390. What are the prime factors of o?
17
List the prime factors of (4/1)/(3/813).
2, 271
Let n = 168 + 124. Suppose c + 4*q - n = 0, -3*q + q - 1132 = -4*c. What are the prime factors of c?
2, 71
List the prime factors of 274/((-2 + 3)*(-1)/(-3)).
2, 3, 137
Let z(c) = 5*c**2 + 134*c + 211. List the prime factors of z(-42).
41, 83
Let g(x) = -22*x - 1. Let f be g(-1). Suppose y + 5 - f = 5*p, 8 = -4*y - 4*p. List the prime factors of y/((-54)/(-26) + -2).
13
Let g(z) = 734*z**2 - z - 2. List the prime factors of g(-1).
733
Let v(n) be the first derivative of n**4 - 4*n**3/3 - n**2/2 + 3*n + 23. List the prime factors of v(3).
2, 3
Let k(m) = -m**2 + 4*m - 3. Let d be k(3). Suppose -80 = -o + 5*o - 4*h, d = -5*o - h - 100. Let v = o - -46. What are the prime factors of v?
2, 13
Suppose 0 = -2*t - 3*r + 7, 2*r + 6 = t + 6*r. Suppose -t*n - 52 = -4*n. Suppose -3*q = 3*x - 6, 0 = -q + 4*q - 2*x - n. What are the prime factors of q?
2, 3
Let m = 13 + 70. List the prime factors of m + (0 - 2) - 4.
7, 11
Let x(z) = z**3 - z**2 - 3*z + 1. Let h be 0 + 1 + (-5 - -6). Let r be x(h). Let m = r + 12. What are the prime factors of m?
11
Let g(r) = -r + 3. Let u be g(-2). Let z be (-184)/u*30/(-12). Suppose 2*d = 6*d - z. List the prime factors of d.
23
Suppose -d - 32 = -4*u, d - 2*d - 4*u - 8 = 0. Let w be 4/(-10) - 68/d. Suppose k + w*k = 3*n - 203, 0 = -3*n - 3*k + 168. What are the prime factors of n?
61
Let m = 1309 + -405. List the prime factors of m.
2, 113
Suppose m = -4*m + 10. Let j be 0 + m + -4 + -1. Let d = 26 + j. List the prime factors of d.
23
Let o(x) = -x**2 - 25*x + 481. What are the prime factors of o(-34)?
5, 7
Let i(h) be the third derivative of h**7/2520 - 7*h**6/360 - h**5/10 + 2*h**2. Let v(x) be the